st common factor of 8 and m?
4
Suppose 3*m + 63 = 2*a, -3*a + 5*m + 131 = a. Let f be (-81586)/(-190) - ((-4)/(-10))/1. Calculate the highest common factor of a and f.
39
Let o(l) = l**3 + 34*l**2 + 28*l + 15. Let v be o(-33). Calculate the greatest common factor of 1170 and v.
90
Suppose -8 = -4*i, 2*i + 2*i = 2*g + 4. Calculate the greatest common divisor of g and 32.
2
Let r = 36 + 0. Calculate the highest common factor of 180 and r.
36
Let k(l) = 4*l**2 - 16*l + 17. Let q be k(7). What is the greatest common divisor of q and 101?
101
Suppose -86*b + 84 = -83*b. Calculate the highest common divisor of b and 49.
7
Let y be (-30)/(((-9)/(-12))/(-1)) + 5. Calculate the greatest common divisor of 369 and y.
9
Let w(i) = 3*i + 65. Let f be w(-19). What is the highest common factor of 8 and f?
8
Let b = -2 - -5. Suppose 0 = -b*w + 3*d + 2*d + 40, 5*w - 45 = 4*d. Suppose 100 = -w*k + 10*k. What is the highest common divisor of k and 10?
10
Suppose -3*l + 5*o + 89 = -88, 4*o = 0. Calculate the highest common divisor of 649 and l.
59
Suppose 4*v - 3*c - 97 = 0, -c = -2*c + 1. Let f = v - 14. What is the highest common factor of 44 and f?
11
Suppose 0 = 9*u - 13*u - f + 543, 0 = 4*u - 5*f - 525. What is the highest common factor of 30 and u?
15
Let s be (28/6)/(8/(-396)*-3). Calculate the greatest common divisor of 55 and s.
11
Let b = -7647 + 7662. Suppose -4*p = 4*h - 108, -4*p + 102 = 3*h - 9. What is the greatest common factor of b and p?
15
Let s(i) be the first derivative of -2*i**2 - 2/3*i**3 + 2 + 1/2*i**4 + 0*i. Let l be s(3). Calculate the highest common factor of l and 8.
8
Let p = -2220 - -2720. Calculate the highest common divisor of 1125 and p.
125
Let t(l) = 2*l**2 + 5*l + 1. Let a = -8 + 8. Let h = 5 + a. Let f be t(h). Calculate the highest common factor of 19 and f.
19
Suppose -2*v + 3*y + 34 = 0, -7*y + 9*y - 66 = -5*v. Calculate the highest common factor of 4634 and v.
14
Let f = 454 + -406. Calculate the highest common factor of f and 64.
16
Let m be (20/(-6))/((-1)/18). Suppose -96*d + 4*b - 48 = -98*d, 120 = 5*d + 2*b. Calculate the greatest common divisor of m and d.
12
Suppose -2*t - 12 = -4*l, l + 4*t + 3 = 6. Suppose l*v - 31 = -4*m - m, -2 = -m. What is the greatest common factor of 7 and v?
7
Let k = -8 + 0. Let w = k - -4. Let n = w + 22. What is the greatest common factor of 144 and n?
18
Let i = -34 + 23. Let u = 13 + i. Suppose 8*n = 7*n + u. What is the highest common factor of 18 and n?
2
Let s be (560/14)/(84/(-45) - -2). Calculate the greatest common factor of s and 200.
100
Let h = 3 - -7. Let b(r) = r**3 + 9*r**2 - 12*r - 14. Let m be b(-10). Let t(s) = 16*s - 16. Let n be t(m). Calculate the highest common factor of n and h.
10
Let y be (-6)/(-1)*(-53)/(-2). Suppose 0 = -3*z - 3*k + y, 17 = 5*z + 3*k - 238. What is the highest common divisor of z and 6?
6
Let u = -4 - -1. Let m be (1*u)/(6/(-4)). Let s = -344 - -346. Calculate the highest common factor of m and s.
2
Let o = 9 + -36. Let c = o + 44. Let b = 247 + -77. What is the highest common divisor of b and c?
17
Let l(m) = 1 - 7*m**2 + 4*m**2 + 2*m**2 + 36*m**3. Let r = -35 + 36. Let p be l(r). What is the greatest common factor of p and 12?
12
Let s be (22 - 21)*(50 - 1). Calculate the greatest common divisor of 98 and s.
49
Let n = -2544 - -2592. Let z = 26 - 14. What is the greatest common divisor of z and n?
12
Let r = 22 + -21. Let b = -98 - -109. What is the highest common factor of r and b?
1
Let d be ((-384)/40 - -8)*-25. What is the greatest common factor of d and 24?
8
Suppose -4*i = -9*i + 150. Let m be ((-10)/(-3))/((-4)/(-54)). What is the greatest common divisor of m and i?
15
Let o = 192 + -24. Suppose 0 = 2*a + 3 - 59. What is the highest common divisor of o and a?
28
Let t = -898 + 1250. What is the greatest common divisor of t and 11?
11
Let f be ((-4)/2)/((-5)/(180/8)). Suppose j + 5*o = -f, 3*j - 9 = o - 4. Calculate the highest common factor of j and 2.
1
Suppose -3*s + 5*a + 86 = 0, -3*s - 63 + 161 = a. Suppose -18 = 3*v - 102. Suppose -3*c - v + 172 = 0. Calculate the highest common divisor of s and c.
16
Let z be ((-39)/(-3) - 2)*-1. Suppose 4*h = -h + 2*d + 1, -5*h - 5 = -5*d. Let s = h - z. What is the greatest common divisor of 8 and s?
4
Let d be ((-11)/(-33))/((-2)/(-192)). Let y = d + 3. Calculate the greatest common factor of y and 5.
5
Suppose 4*b = 4*a - 1508, 8*b + 376 = a + 6*b. Calculate the greatest common factor of 294 and a.
42
Suppose -7*h + 10 = -2*h. Let p be 1/h*(3 + -3). Suppose -22 = -r - p*r - 2*o, 4*o = -4*r + 72. Calculate the highest common divisor of 21 and r.
7
Suppose 3*p = -4*v + 125, 35 = -2*v + 3*v + 2*p. Let m = 55 - v. What is the highest common factor of m and 78?
26
Let m be (-2268)/(-405)*3/((-6)/(-5)). What is the highest common factor of m and 273?
7
Suppose 0 = 18*t + t - 1672. Calculate the highest common factor of t and 8.
8
Suppose 0 = -4*w + 2*w - 98. Let k = -2 - w. Calculate the greatest common divisor of k and 47.
47
Let s(l) be the third derivative of l**5/30 - l**4/12 + 4*l**3/3 + 4*l**2. Let b be s(-7). What is the highest common divisor of 24 and b?
24
Let b be (-8 - -4 - -9) + 1185. Calculate the highest common factor of 70 and b.
70
Suppose -513 = -5*u + 3*b, 0 = 4*u + 3*b + b - 436. Let r be ((-33)/(-15))/(3/u). Calculate the greatest common divisor of r and 11.
11
Let b(k) = -2*k**2 + 38*k - 37. Let f be b(17). Calculate the greatest common divisor of 775 and f.
31
Let a(x) = -4*x - 4. Let g(w) = -w**3 - 10*w**2 - 2. Let l be g(-10). Let b be a(l). What is the greatest common factor of 28 and b?
4
Let c = -125 - -188. Let l(s) = -s**2 + 2*s - 1. Let j be l(1). Let i(p) = p**2 - 2*p + 7. Let v be i(j). What is the highest common factor of c and v?
7
Let y = -37 + 44. Suppose -y = 5*f - 97. Calculate the greatest common divisor of f and 24.
6
Suppose -f = 3*i + 139, -2*f = i + 16 + 257. Let p be f/(-12)*9/6. Calculate the highest common factor of 17 and p.
17
Suppose 4*g + 4*v - 756 = 2*v, 3*g - 2*v = 574. Calculate the greatest common divisor of g and 80.
10
Let i = -1639 + 1643. Let q = 6 - -4. What is the highest common divisor of q and i?
2
Let j(d) = 9*d**2 + 2*d - 5. Let p be j(-4). Let n = 85 + p. Let h = n + -153. What is the highest common divisor of 7 and h?
7
Let i(u) = -u**3 + 40*u**2 - 72*u - 68. Let g be i(38). Calculate the highest common divisor of 1092 and g.
84
Let k(s) = -70*s - 208. Let c be k(-3). Calculate the greatest common divisor of 39 and c.
1
Let t be -2 + 53 - (-5 + 7). Suppose 5*g - 61 = t. What is the highest common divisor of g and 55?
11
Suppose -525 = -2*b + 27*b. Let p(m) = -3*m - 1. Let z be p(5). Let r = z - b. Calculate the highest common factor of r and 40.
5
Suppose -x = -3*x + 4*f, -x = -4*f + 2. Let y be x - (-2 + 5) - -10. Let g = 9 + 54. Calculate the greatest common divisor of g and y.
9
Let o = 1 - -5. Suppose -o*a + 8 = -2*a. Suppose 5*s + b = 318, 3*s - a*b - 192 = -3*b. Calculate the highest common factor of s and 21.
21
Let v = -55 + 100. Let x = -102 + 111. What is the highest common divisor of x and v?
9
Suppose -29*g = 4*t - 25*g - 308, 0 = -4*g - 4. Calculate the highest common divisor of 390 and t.
78
Let i = -614 + 965. What is the greatest common divisor of 39 and i?
39
Let i(t) = -13*t**3 + t**2 - t - 1. Let l(f) = 2*f - 7. Let h = -19 + 22. Let k be l(h). Let x be i(k). What is the highest common divisor of 42 and x?
14
Let a be ((-4)/(-12))/(6/198). What is the highest common factor of 11 and a?
11
Let w(c) = c**3 + c + 7. Let k be (6/4 + -2)*0. Let j be w(k). What is the highest common divisor of 28 and j?
7
Let b = 44 + -42. Suppose -5*m + b*m + 201 = 5*q, -q - m + 39 = 0. What is the highest common divisor of q and 28?
14
Suppose -16*d + 5943 = -9449. Calculate the greatest common factor of d and 26.
26
Let u = 1026 - 786. What is the greatest common divisor of 60 and u?
60
Let h = 2905 - 2745. What is the highest common factor of 180 and h?
20
Let v(f) = -26*f - 94. Let p be v(-9). What is the greatest common divisor of p and 175?
35
Let q be (-32528)/12 + 4/(-12). Let x = 1671 + q. Let w be x/(-8) - 2*2. What is the greatest common divisor of 14 and w?
14
Let q be ((-6)/2)/(5*13/(-1755)). Calculate the greatest co